 + 5*v - 8. Let y(p) = 4*p - 14 + 12 + 0. Let k(t) = -2*o(t) - 5*y(t). What is k(-5)?
10
Let d = -11 - -14. Let o(v) = -8*v**3 + 20*v**2 + 10*v + 21. Let f(l) = -l**3 + 2*l**2 + l + 2. Let s(j) = -9*f(j) + o(j). Calculate s(d).
51
Let q(o) = o**2 + 2*o - 30. Let w be q(4). Let k(l) = -l**3 + 8 - 15 - 37*l**2 + 30*l**2 - 9*l. Determine k(w).
11
Let g be (18/24)/(-1)*4. Let k(p) = 7*p + 8. Calculate k(g).
-13
Suppose 4*d + 8 = -3*l + 2, 5*l = d + 13. Suppose v - 4*v = -2*u - 18, -30 = -5*v + l*u. Let t(x) = -7*x**2 - v - x**3 + 13*x**2 - 6*x - 1. Determine t(5).
-12
Let w(q) = -q**2 - 18*q + 6. Let n be w(-18). Let o be ((n - 0) + -4)/((-2)/(-7)). Let v(j) = j**3 - 6*j**2 - 7*j - 6. What is v(o)?
-6
Let d(k) = -6863*k + k**2 + 13730*k - 21 - 6868*k. Calculate d(-4).
-1
Let l(z) = -z - 2. Let j be (-183)/6*(-12)/6. Suppose j = -3*u - 8. Let t = 15 + u. Calculate l(t).
6
Let z(y) = -y**3 - y - 1. Let h(t) = 4*t**3 + 7*t**2 + 4*t - 7. Let l = 140 + -141. Let c(f) = l*h(f) - 3*z(f). Suppose -4 = i + 3. What is c(i)?
17
Let m = 2961 - 2969. Let y(u) = -u**3 - 8*u**2 - u + 11. What is y(m)?
19
Let k(z) = 10888*z - 5460*z - 5434*z + 68. Give k(11).
2
Let i(a) be the second derivative of 7*a**5/10 + 66*a. Let t = -209 - -208. Give i(t).
-14
Let q(h) be the third derivative of -7*h**5/60 + h**4/8 + h**3 + 94*h**2. Let a(b) = 19*b**2 - 9*b - 17. Let r(d) = 4*a(d) + 11*q(d). Determine r(-7).
-30
Let b(y) = -y**2. Let p(i) = -6*i**2 + 6*i - 7. Let h(u) = 5*b(u) - p(u). Let f be 5/((-15)/(-111))*-2. Let l = -69 - f. Give h(l).
2
Let k = 241 - 97. Suppose 0*b - 16*b = -k. Let c(t) = 2*t - 69 + t**3 + 134 - 71 - b*t**2. Determine c(9).
12
Let a(w) = -w + 8. Suppose 60*k = 58*k - 30. Let t be (-8)/(-20) - 189/k. Suppose -22 = -t*o + 56. What is a(o)?
2
Let h(f) be the first derivative of f**3/3 + f**2/2 - 108*f + 820. Determine h(-11).
2
Let f be ((-4)/(-12))/(3/27 - 0). Suppose -6*h = -f*h + d - 30, 2*h = -2*d + 20. Suppose -8 = 3*z - z, -3*j = 4*z + h. Let b(w) = 3*w**3 - 2*w**2. Give b(j).
16
Suppose -2*m - 2*u + 34 = 0, -5304*m = -5306*m - u + 31. Let d(x) = -5*x - 3. Let w(n) = -2*n - 2. Let p(v) = 3*d(v) - 7*w(v). What is p(m)?
-9
Let q(z) be the first derivative of -67*z**2/2 + 4*z - 7. Let v be q(1). Let a = v - -57. Let m(t) = -t**3 - 6*t**2 + 5. Calculate m(a).
5
Let a(y) be the third derivative of -y**4/24 + 4*y**2 - 1079. Let w(f) = -f**2 - 7*f + 4. Let g be w(-7). Give a(g).
-4
Let k(m) = 8*m**2 - 17 - 5*m - m + 2*m**2 - 13*m**2. Let w(v) = v**2 + 2*v + 8. Let z(t) = -2*k(t) - 5*w(t). What is z(-5)?
9
Let p be (-4)/(-12) + 28/6. Let a be (-5)/(-15) - (5 - 152/12). Let r(u) = 2*u**2 - p*u**2 + u**3 - 2*u**2 - 2*u**2 + a*u - 8. What is r(6)?
4
Suppose 0 = 5*v - 20, 4 = -0*q - 4*q + v. Let l be (-2)/20 - (-168)/80. Let b(m) = 13 - 5 - 3*m**2 + 4*m**l + 3. Determine b(q).
11
Let r(m) be the second derivative of -m**6/360 + 8*m**4/3 + 20*m. Let h(x) be the third derivative of r(x). Let w = 2 + 1. Give h(w).
-6
Let k(s) be the third derivative of 5*s**4/24 - 3*s**3/2 + 471*s**2. Determine k(1).
-4
Let a(f) = -f - 26. Let r be (126/315)/((-3)/45). Determine a(r).
-20
Let r(k) = 65 - 3 - 2 - k - 11 - 12 - 31. Suppose 0 = -0*m - 5*m + 15. What is r(m)?
3
Let t be (6/12)/(1/22). Suppose 132 = t*i + 11*i. Let f(q) = -q**3 + 5*q**2 + 2*q + 7. Give f(i).
-17
Let l be (5/15)/(2/(-12)). Let c(b) = -5*b**3 + b**2 + 5*b + 3. Calculate c(l).
37
Let p(w) be the second derivative of -w**3/6 + 4*w**2 + 62*w + 1. Let a = 11 + -8. Suppose 33 + a = 4*j. Determine p(j).
-1
Suppose 23*r - 92 = -0*r. Let w(x) = 2*x**3 - 6*x**2 + 2. Calculate w(r).
34
Let o(x) = 35*x + 65. Let m(n) = -4*n**2 - 91*n + 1308. Let y be m(10). What is o(y)?
-5
Let l(a) = -8*a**2 + a - 1. Suppose -7*y = 27*y + 33*y + 67. What is l(y)?
-10
Let t = 278 - 276. Suppose -s - s - 10 = -2*g, t*g + 5 = -3*s. Let u(p) = -3*p + 2 - p**3 + 6*p - 2*p. What is u(g)?
-4
Let l(m) = 2*m + 12. Let t(w) = -2. Let a(k) = -l(k) - 8*t(k). Suppose -18 - 15 = -11*r. Give a(r).
-2
Let z be (-41)/(-41) + 2*(3 + -4). Let i(n) = 1. Let r(l) = -5*l - 6. Let g(h) = -3*i(h) - r(h). Give g(z).
-2
Let w(a) be the third derivative of -a**4/3 + 311*a**3/6 - 3*a**2 + 2*a - 73. Determine w(41).
-17
Let x(z) = 6*z + 5. Let s be x(-2). Suppose -6 = 2*w - 16. Let b(q) = q - w*q + 4 + 8*q - 3*q. Calculate b(s).
-3
Let l(v) be the first derivative of v**3/6 + 3*v**2 - 49*v + 5. Let i(s) be the first derivative of l(s). Determine i(6).
12
Let d(q) = 9*q + 20. Suppose 0 = -4*z + 7942 - 7966, 2*z + 20 = -2*b. Give d(b).
-16
Let i(c) = -26822*c + 0*c**2 + 7*c**2 + 26767*c. What is i(8)?
8
Let y be 32/20*10/4. Let w(f) = -1 - y*f + 4*f + f. Let u be ((-5)/2)/(-3 + 56/16). Calculate w(u).
-6
Let d(u) = 7*u**3 + 38*u**2 + u + 111. Let p(g) = -8*g**3 - 37*g**2 - 4*g - 117. Let t(r) = 10*d(r) + 9*p(r). Give t(23).
-12
Let j(t) = 21*t + 565 - 22*t - 560 - 7*t**2. What is j(-3)?
-55
Let y(i) = -2685 - 58*i**2 + 83*i**2 + 2769 - i**3 + i - 29*i. Give y(24).
-12
Let y(u) be the first derivative of -1/2*u**2 + 1/4*u**4 - 64 - 5/3*u**3 - 6*u. Determine y(5).
-11
Suppose -5*v - 4*r + 43 = 13, -5*v - 3*r + 25 = 0. Let w(o) = -5 + 12*o**v + o**2 + o**3 - 2 - 3*o**2. Determine w(-10).
-7
Let v(k) = -k**3 + k**2 - 3*k + 13. Suppose -41*m - 20 = -14 - 129. Give v(m).
-14
Let t(q) be the first derivative of -q**3/3 - 6*q**2 - 35*q - 287. What is t(-7)?
0
Let m(h) = 3*h**3 + 4*h**2 + 5*h + 4. Let d be (-15)/7 + (-440)/56 + (-128)/(-16). Give m(d).
-14
Suppose 4*z + 33 = 5*r - 15, -2*r - 13 = 3*z. Let o(p) be the first derivative of -p**3/3 - 4*p**2 + 8*p - 20095. What is o(z)?
15
Let g(q) = 5*q - 1 + 3*q**3 - 5*q**3 - 4*q**3. Let z(x) = 2 + 5604*x**2 - 5*x + 5604*x**2 + 5*x**3 - 11207*x**2. Let f(s) = 4*g(s) + 5*z(s). Determine f(-6).
0
Let c(w) = 0*w**3 - 4 - w**3 - 105*w**2 + 3*w + 99*w**2. Let j be (-7)/1 + 1/1. Determine c(j).
-22
Let d(u) = -13*u - 8. Let h(k) = 29*k + 15. Let i(v) = -9*d(v) - 4*h(v). Let t = -23 - -17. Give i(t).
6
Suppose 5*w + 11 - 48 = -4*r, -2*r + 26 = 4*w. Let i(q) = 18*q + 12. Give i(w).
102
Let q be (7 + -3)*1809/268. Let h(i) = -2*i**2 + 56*i - 63. Give h(q).
-9
Let v(b) = 6*b + 2. Let k be v(2). Let l be (55 - 47) + k/(-2). Let j(m) = 5*m + 1. What is j(l)?
6
Let u(i) be the second derivative of 3/2*i**2 - 1/6*i**3 + 0 + 267*i. Calculate u(-4).
7
Let v be 0*((-854)/(-84) + -10). Let w(b) = -b**3 - b + 53. Calculate w(v).
53
Suppose -183 + 188 = 5*x. Let d(v) = -1 + 5 - v + x - 6. Determine d(-8).
7
Let m(s) = -6*s + 0*s**2 + 0*s**2 - 2*s**2. Let k = 398 - 378. Suppose k*t = -22 - 58. Calculate m(t).
-8
Let n(z) = -z**3 + 7*z**2 - 8*z - 5. Suppose -4*i = -14*i + 770. Suppose -2*c - 41 = i. Let k = -53 - c. Determine n(k).
-17
Let t(k) be the first derivative of 1 - 4/3*k**3 - 5*k - 3*k**2 + 1/4*k**4. Let p be (2363/204 - 12)*-12. Determine t(p).
-10
Let x(j) be the third derivative of j**6/120 - 23*j**5/60 - 53*j**4/24 + 11*j**3 - 25*j**2 - 27*j - 2. Determine x(25).
-9
Let u(j) = -j**3 + 7*j**2 + 6*j + 11. Let v = 3309 - 3301. Determine u(v).
-5
Let y = 15 - 12. Let k(z) = z**3 + 0*z**y + 0*z - 2*z**2 - 3*z + 0 + 3. Suppose -19*d + 59 - 2 = 0. What is k(d)?
3
Let f(l) = -24 + 91 - l - 14*l - 3 + 2. Calculate f(5).
-9
Let t(i) be the second derivative of -1/6*i**3 - 89*i + 0 + 5/12*i**4 + 0*i**2. Calculate t(-1).
6
Let u(l) be the first derivative of l**3/3 + 9*l**2 - 107*l - 2357. What is u(-23)?
8
Let q(m) = m**3 - 3*m**2 - 7*m + 18. Suppose 0 = 2555*j - 2570*j + 45. What is q(j)?
-3
Let x(i) be the third derivative of 8/3*i**3 + 0*i - 3 - 1/24*i**4 + 40*i**2 + 1/60*i**5. Give x(0).
16
Let x = -71 - -207. Suppose -x*g = -137*g - 3. Let k(s) = 3*s**2 + 2*s + 2. What is k(g)?
23
Let r(w) = w + 5. Suppose -2*f - 432 = 2*f + 4*j, -j - 429 = 4*f. Suppose 4*t - 428 = 4*g, -2*g - 236 + 26 = -3*t. Let d = g - f. Calculate r(d).
1
Let d(k) = k + 17. Let a(x) be the second derivative of -x**3/3 - 31*x**2/2 + 7*x + 2. Let z(g) = 3*a(g) + 5*d(g). Calculate z(-6).
-2
Let g(w) = -5*w - 30. Let v be 3/(-2)*-10*-1. Let m be (v - -10)*24/20. Calculate g(m).
0
Let o(z) be the second derivative of -z**6/360 + z**5/40 - z**4/2 - z. Let x(u) be the third derivative of o(u). Suppose 0 = 9*t + 34 + 11. Give x(t).
13
Let w(x) be the second derivat